{"id":858,"date":"2017-10-31T02:28:16","date_gmt":"2017-10-31T01:28:16","guid":{"rendered":"http:\/\/encaja.es\/peninsula\/?page_id=858"},"modified":"2018-08-04T20:39:57","modified_gmt":"2018-08-04T18:39:57","slug":"quienes-somos","status":"publish","type":"page","link":"https:\/\/encaja.es\/peninsula\/quienes-somos\/","title":{"rendered":"Qui\u00e9nes Somos"},"content":{"rendered":"<section class='page-content' style=''  ><section class='container'><div class='row' style=''><div class='col-md-7 ' style='margin-top:5px;' ><div class='custom-heading'>\r\n                            <h2>\u00bfQui\u00e9nes somos?<\/h2>                            \r\n                        <\/div><div class='cma-wysiwyg-editor'><h2><strong>Empresa nacional de soluci\u00f3n de espacio y logistica:\u00a0<\/strong><\/h2><p>Encaja es una compa\u00f1\u00eda especializada en el almacenaje para particulares y empresas. Una soluci\u00f3n integral de gesti\u00f3n del espacio que aporta gran variedad de servicios novedosos y adaptados a la demanda.<br \/>Nuestra empresa tiene una infraestructura formada por tres centros, uno en Azuqueca de Henares y dos en Las Palmas de Gran Canaria, con una superficie de 3.800 m\u00b2 y una capacidad de 400 trasteros, m\u00e1s zona de guardamuebles.<\/p><h2><strong>\u00bfA qu\u00e9 tipo de cliente nos dirigimos?<\/strong><\/h2><p>Tanto particulares, como empresas, aut\u00f3nomos o instituciones.<\/p><p>Nuestros espacios se pueden alquilar desde los 2\u00a0m\u00b2 de superficie. La soluci\u00f3n ideal para la falta de espacio tanto permanente como temporal.<\/p><p>Como\u00a0<strong>empresa Nacional de soluci\u00f3n de espacios y log\u00edstica<\/strong>, ofrecemos un servicio completo, tanto nacional como internacional, gracias a nuestras tres delegaciones, un centro en Azuqueca de Henares y dos centros en Las Palmas de Gran Canaria.<strong>\u00a0<\/strong><\/p><h2><strong>\u00bfQu\u00e9 ventajas aportamos a las empresas?<\/strong><\/h2><p>En\u00a0<strong>Encaja, empresa de trasteros, cajas multiusos y soluci\u00f3n de espacios y log\u00edstica <\/strong>hemos desarrollado un abanico de servicios pensados para ofrecer a las empresas algo m\u00e1s que un espacio donde guardar mercanc\u00edas, herramientas, documentos o cualquier otra cosa. Nuestra intenci\u00f3n es poner a su disposici\u00f3n soluciones log\u00edsticas integrales y un servicio de asesoramiento profesional, sea cual sea su tama\u00f1o o su sector de actividad. Como ejemplo, contamos entre nuestros clientes con laboratorios farmac\u00e9uticos,\u00a0aut\u00f3nomos, empresas de marketing, o de log\u00edstica, bancos\u2026 Todos ellos reciben ese valor a\u00f1adido.<\/p><p>Si al particular le basta con un lugar donde guardar sus cosas, la empresa necesita m\u00e1s. Personal que reciba y entregue mercanc\u00eda, realizaci\u00f3n de inventarios, almacenamiento de documentaci\u00f3n, destrucci\u00f3n de documentos, paletizaci\u00f3n, etc. Nosotros ofrecemos ese valor a\u00f1adido, que viene acompa\u00f1ado con una notable reducci\u00f3n de los costes log\u00edsticos de la empresa, convirti\u00e9ndonos en parte de cada uno de nuestros clientes.<\/p><p>Tambi\u00e9n es importante la total libertad que ofrecemos en cuanto al acceso, en\u00a0<strong>Encaja<\/strong>\u00a0estamos abiertos los 365 d\u00edas al a\u00f1o y 24 horas al d\u00eda.<\/p><\/div><\/div><div class='col-md-5 ' style='' ><ul class='service-list-big-icons-details clearfix '><li>\r\n                                <div class='icon-container'>\r\n                                    <img src='https:\/\/encaja.es\/peninsula\/wp-content\/uploads\/2015\/09\/pi-cargo-box-2-1.svg' alt='Trasteros y Minialmacenes'>\r\n                                <\/div>\r\n\r\n                                <div class='service-details'>\r\n                                    <h4>Trasteros y Minialmacenes<\/h4>\r\n\r\n                                    <p>Acceso 24\/365 M\u00e1xima Seguridad Ecol\u00f3gico<\/p>\r\n                                <\/div>\r\n                            <\/li><li>\r\n                                <div class='icon-container'>\r\n                                    <img src='https:\/\/encaja.es\/peninsula\/wp-content\/uploads\/2015\/09\/pi-mark-energy-1.svg' alt='Cajas multiusos'>\r\n                                <\/div>\r\n\r\n                                <div class='service-details'>\r\n                                    <h4>Cajas multiusos<\/h4>\r\n\r\n                                    <p>Guarda tu ropa de temporada o las cosas que no necesitas en el d\u00eda a d\u00eda, en cajas multiusos. Servicio de documentaci\u00f3n para empresas.<\/p>\r\n                                <\/div>\r\n                            <\/li><li>\r\n                                <div class='icon-container'>\r\n                                    <img src='https:\/\/encaja.es\/peninsula\/wp-content\/uploads\/2015\/09\/pi-food-beverage-1.svg' alt='Otros servicios'>\r\n                                <\/div>\r\n\r\n                                <div class='service-details'>\r\n                                    <h4>Otros servicios<\/h4>\r\n\r\n                                    <p>La soluci\u00f3n a tus problemas de espacio y log\u00edstica. Soluciones de almacenamiento y de log\u00edstica.<\/p>\r\n                                <\/div>\r\n                            <\/li><\/ul><div class='custom-heading centered'>\r\n                            <h4>Solicite su presupuesto<\/h4>\r\n                        <\/div><a href='\/peninsula\/presupuesto\/' class='btn custom-color btn-medium btn-centered'  style='background: #97001f;'><span> Cont\u00e1ctanos<\/span><\/a><div class='clearfix'><\/div><\/div><\/div><\/section><\/section>\n","protected":false},"excerpt":{"rendered":"","protected":false},"author":1,"featured_media":0,"parent":0,"menu_order":0,"comment_status":"closed","ping_status":"closed","template":"","meta":{"inline_featured_image":false,"_monsterinsights_skip_tracking":false,"_monsterinsights_sitenote_active":false,"_monsterinsights_sitenote_note":"","_monsterinsights_sitenote_category":0,"footnotes":""},"class_list":["post-858","page","type-page","status-publish","hentry"],"yoast_head":"<!-- This site is optimized with the Yoast SEO plugin v27.4 - https:\/\/yoast.com\/product\/yoast-seo-wordpress\/ -->\n<title>Qui\u00e9nes Somos - Encaja - Pen\u00ednsula<\/title>\n<meta name=\"robots\" content=\"index, follow, max-snippet:-1, max-image-preview:large, max-video-preview:-1\" \/>\n<link rel=\"canonical\" href=\"https:\/\/encaja.es\/peninsula\/quienes-somos\/\" \/>\n<meta property=\"og:locale\" content=\"es_ES\" \/>\n<meta property=\"og:type\" content=\"article\" \/>\n<meta property=\"og:title\" content=\"Qui\u00e9nes Somos - Encaja - Pen\u00ednsula\" \/>\n<meta property=\"og:url\" content=\"https:\/\/encaja.es\/peninsula\/quienes-somos\/\" \/>\n<meta property=\"og:site_name\" content=\"Encaja - Pen\u00ednsula\" \/>\n<meta property=\"article:modified_time\" content=\"2018-08-04T18:39:57+00:00\" \/>\n<meta name=\"twitter:card\" content=\"summary_large_image\" \/>\n<meta name=\"twitter:label1\" content=\"Tiempo de lectura\" \/>\n\t<meta name=\"twitter:data1\" content=\"1 minuto\" \/>\n<script type=\"application\/ld+json\" class=\"yoast-schema-graph\">{\"@context\":\"https:\\\/\\\/schema.org\",\"@graph\":[{\"@type\":\"WebPage\",\"@id\":\"https:\\\/\\\/encaja.es\\\/peninsula\\\/quienes-somos\\\/\",\"url\":\"https:\\\/\\\/encaja.es\\\/peninsula\\\/quienes-somos\\\/\",\"name\":\"Qui\u00e9nes Somos - Encaja - Pen\u00ednsula\",\"isPartOf\":{\"@id\":\"https:\\\/\\\/encaja.es\\\/peninsula\\\/#website\"},\"datePublished\":\"2017-10-31T01:28:16+00:00\",\"dateModified\":\"2018-08-04T18:39:57+00:00\",\"breadcrumb\":{\"@id\":\"https:\\\/\\\/encaja.es\\\/peninsula\\\/quienes-somos\\\/#breadcrumb\"},\"inLanguage\":\"es\",\"potentialAction\":[{\"@type\":\"ReadAction\",\"target\":[\"https:\\\/\\\/encaja.es\\\/peninsula\\\/quienes-somos\\\/\"]}]},{\"@type\":\"BreadcrumbList\",\"@id\":\"https:\\\/\\\/encaja.es\\\/peninsula\\\/quienes-somos\\\/#breadcrumb\",\"itemListElement\":[{\"@type\":\"ListItem\",\"position\":1,\"name\":\"Portada\",\"item\":\"https:\\\/\\\/encaja.es\\\/peninsula\\\/\"},{\"@type\":\"ListItem\",\"position\":2,\"name\":\"Qui\u00e9nes Somos\"}]},{\"@type\":\"WebSite\",\"@id\":\"https:\\\/\\\/encaja.es\\\/peninsula\\\/#website\",\"url\":\"https:\\\/\\\/encaja.es\\\/peninsula\\\/\",\"name\":\"Encaja - Pen\u00ednsula\",\"description\":\"Trasteros y mini almacenes\",\"potentialAction\":[{\"@type\":\"SearchAction\",\"target\":{\"@type\":\"EntryPoint\",\"urlTemplate\":\"https:\\\/\\\/encaja.es\\\/peninsula\\\/?s={search_term_string}\"},\"query-input\":{\"@type\":\"PropertyValueSpecification\",\"valueRequired\":true,\"valueName\":\"search_term_string\"}}],\"inLanguage\":\"es\"}]}<\/script>\n<!-- \/ Yoast SEO plugin. -->","yoast_head_json":{"title":"Qui\u00e9nes Somos - Encaja - Pen\u00ednsula","robots":{"index":"index","follow":"follow","max-snippet":"max-snippet:-1","max-image-preview":"max-image-preview:large","max-video-preview":"max-video-preview:-1"},"canonical":"https:\/\/encaja.es\/peninsula\/quienes-somos\/","og_locale":"es_ES","og_type":"article","og_title":"Qui\u00e9nes Somos - Encaja - Pen\u00ednsula","og_url":"https:\/\/encaja.es\/peninsula\/quienes-somos\/","og_site_name":"Encaja - Pen\u00ednsula","article_modified_time":"2018-08-04T18:39:57+00:00","twitter_card":"summary_large_image","twitter_misc":{"Tiempo de lectura":"1 minuto"},"schema":{"@context":"https:\/\/schema.org","@graph":[{"@type":"WebPage","@id":"https:\/\/encaja.es\/peninsula\/quienes-somos\/","url":"https:\/\/encaja.es\/peninsula\/quienes-somos\/","name":"Qui\u00e9nes Somos - Encaja - Pen\u00ednsula","isPartOf":{"@id":"https:\/\/encaja.es\/peninsula\/#website"},"datePublished":"2017-10-31T01:28:16+00:00","dateModified":"2018-08-04T18:39:57+00:00","breadcrumb":{"@id":"https:\/\/encaja.es\/peninsula\/quienes-somos\/#breadcrumb"},"inLanguage":"es","potentialAction":[{"@type":"ReadAction","target":["https:\/\/encaja.es\/peninsula\/quienes-somos\/"]}]},{"@type":"BreadcrumbList","@id":"https:\/\/encaja.es\/peninsula\/quienes-somos\/#breadcrumb","itemListElement":[{"@type":"ListItem","position":1,"name":"Portada","item":"https:\/\/encaja.es\/peninsula\/"},{"@type":"ListItem","position":2,"name":"Qui\u00e9nes Somos"}]},{"@type":"WebSite","@id":"https:\/\/encaja.es\/peninsula\/#website","url":"https:\/\/encaja.es\/peninsula\/","name":"Encaja - Pen\u00ednsula","description":"Trasteros y mini almacenes","potentialAction":[{"@type":"SearchAction","target":{"@type":"EntryPoint","urlTemplate":"https:\/\/encaja.es\/peninsula\/?s={search_term_string}"},"query-input":{"@type":"PropertyValueSpecification","valueRequired":true,"valueName":"search_term_string"}}],"inLanguage":"es"}]}},"_links":{"self":[{"href":"https:\/\/encaja.es\/peninsula\/wp-json\/wp\/v2\/pages\/858","targetHints":{"allow":["GET"]}}],"collection":[{"href":"https:\/\/encaja.es\/peninsula\/wp-json\/wp\/v2\/pages"}],"about":[{"href":"https:\/\/encaja.es\/peninsula\/wp-json\/wp\/v2\/types\/page"}],"author":[{"embeddable":true,"href":"https:\/\/encaja.es\/peninsula\/wp-json\/wp\/v2\/users\/1"}],"replies":[{"embeddable":true,"href":"https:\/\/encaja.es\/peninsula\/wp-json\/wp\/v2\/comments?post=858"}],"version-history":[{"count":3,"href":"https:\/\/encaja.es\/peninsula\/wp-json\/wp\/v2\/pages\/858\/revisions"}],"predecessor-version":[{"id":966,"href":"https:\/\/encaja.es\/peninsula\/wp-json\/wp\/v2\/pages\/858\/revisions\/966"}],"wp:attachment":[{"href":"https:\/\/encaja.es\/peninsula\/wp-json\/wp\/v2\/media?parent=858"}],"curies":[{"name":"wp","href":"https:\/\/api.w.org\/{rel}","templated":true}]}}